is -424304 + -135?
-424443
In base 14, what is -58b770 - -35?
-58b739
In base 11, what is -97329 + 28?
-97301
In base 13, what is 115 + b13278?
b13390
In base 10, what is -35 - 83981?
-84016
In base 10, what is -14475676 - 19?
-14475695
In base 15, what is -2 - -29ceda0?
29ced9d
In base 2, what is -10110000001110100001111101 + -1011?
-10110000001110100010001000
In base 13, what is 5223b9 + -243?
522176
In base 12, what is -321a441 + -3a?
-321a47b
In base 14, what is -15a + ad74?
ac18
In base 4, what is -1020010001 + -102?
-1020010103
In base 16, what is 1a55e366 - 4?
1a55e362
In base 14, what is -a6cc - 12a?
-a818
In base 8, what is 711 + -215370?
-214457
In base 5, what is 300 - -120321021?
120321321
In base 16, what is -10824 + 37d2?
-d052
In base 11, what is -1a000a51 + -2?
-1a000a53
In base 10, what is -26 + -324168?
-324194
In base 5, what is 113 - 142303314?
-142303201
In base 9, what is 115015 + 1340?
116355
In base 5, what is 231120003 - 14?
231114434
In base 7, what is -3015315504 + -3?
-3015315510
In base 8, what is -10464510 + -116?
-10464626
In base 11, what is -279125 - 10?
-279135
In base 7, what is -4 + 251121656?
251121652
In base 12, what is 7 - 67813?
-67808
In base 5, what is 1333401 + -223?
1333123
In base 2, what is -10110110000110000010 + -1101?
-10110110000110001111
In base 9, what is 4085 - -87148?
102244
In base 15, what is 5 - -234b6ce?
234b6d4
In base 11, what is 43 - 3a076?
-3a033
In base 13, what is 1aa2b0 + 10?
1aa2c0
In base 6, what is 1014524 - -41332?
1100300
In base 13, what is -63 + -1c708?
-1c76b
In base 5, what is -12100223042 + 23?
-12100223014
In base 12, what is 2 + 2757609?
275760b
In base 2, what is -10100110010 + -1001010110101011101?
-1001011001010001111
In base 12, what is 1069796 - 1?
1069795
In base 3, what is -1 + -1211112010211?
-1211112010212
In base 8, what is -146103 - -400?
-145503
In base 10, what is -3 + -325452?
-325455
In base 13, what is -2263 + -2577?
-480a
In base 4, what is -1101000213 - -1?
-1101000212
In base 12, what is 44991 - 13?
4497a
In base 10, what is 25 - 3228474?
-3228449
In base 10, what is -3123 + 2311?
-812
In base 4, what is -11323213 - -100?
-11323113
In base 16, what is -353 - -20416?
200c3
In base 15, what is 1712 + e52?
2664
In base 10, what is -43402 + 551?
-42851
In base 13, what is -566b1b2 + -2?
-566b1b4
In base 6, what is 300233515 - 3?
300233512
In base 9, what is 132418 - 128?
132280
In base 14, what is 468 + -2ab0?
-2646
In base 12, what is 2 + 58754a28?
58754a2a
In base 3, what is -1012201220 + -12210?
-1012221200
In base 5, what is -1041432003 - -13?
-1041431440
In base 16, what is -5 + ce1e?
ce19
In base 6, what is 40450114 - -2243?
40452401
In base 6, what is 4 + 4553255452?
4553255500
In base 12, what is -5 - 3575b1?
-3575b6
In base 16, what is -116f40a + -5?
-116f40f
In base 7, what is 2416164 - 65?
2416066
In base 9, what is 303 + -765473?
-765170
In base 16, what is 90cf + 820?
98ef
In base 14, what is 17 + -2300d69?
-2300d52
In base 5, what is 3043212 - 3044?
3040113
In base 8, what is 157 - -12452164?
12452343
In base 15, what is -448ba0e + 0?
-448ba0e
In base 6, what is 10 + 124031504?
124031514
In base 7, what is 25 - 4152264?
-4152236
In base 5, what is 11044412 + -433?
11043424
In base 7, what is 2653201 + -4?
2653164
In base 16, what is -ba93c + 63?
-ba8d9
In base 16, what is -2cf2 - 967?
-3659
In base 10, what is -2 - -8593260?
8593258
In base 10, what is 1543076 + -3?
1543073
In base 12, what is -4b + 849b0b?
849a80
In base 9, what is -17 + -33463866?
-33463884
In base 13, what is 397264c8 + 3?
397264cb
In base 2, what is 10011100111001 - 1000110?
10011011110011
In base 15, what is b3bb50 + 4?
b3bb54
In base 4, what is -103231013 - 1033?
-103232112
In base 4, what is 222233 - -11103030?
11331323
In base 13, what is 0 - -52cb0979?
52cb0979
In base 14, what is 1b4108d - 0?
1b4108d
In base 13, what is 1 + -1890417?
-1890416
In base 14, what is -344d8 - -1d?
-344b9
In base 16, what is 2d1c1b + 54?
2d1c6f
In base 11, what is 23 + -393aa88?
-393aa65
In base 13, what is 186 - -1808b?
18244
In base 5, what is 24 - -143421222?
143421301
In base 4, what is -333233032 + -100?
-333233132
In base 16, what is -eb918d2 + 1?
-eb918d1
In base 2, what is -10010110010 - -1011001001000111001?
1011000110110000111
In base 13, what is -59c - 3472?
-3a41
In base 5, what is 1203 - -112334312?
112341020
In base 6, what is 10122 - -3110134?
3120300
In base 12, what is 1076 - -3ab2?
4b68
In base 5, what is 101330113 + 441?
101331104
In base 11, what is -2 - -83311a1?
833119a
In base 3, what is -212 - -20010202201221?
20010202201002
In base 5, what is 1224310312 - -1121?
1224311433
In base 10, what is -24 - 1885914?
-1885938
In base 8, what is -30725164 + -34?
-30725220
In base 4, what is -100311233233022 + -3?
-100311233233031
In base 12, what is -38a - -7993?
7605
In base 8, what is -75 + 4462714?
4462617
In base 16, what is e7 - 4cce?
-4be7
In base 4, what is 2122211213 + 30320?
2122302133
In base 16, what is d01 + -2faf?
-22ae
In base 9, what is -6 + 1700868?
1700862
In base 12, what is 8 + -1a69285?
-1a69279
In base 16, what is -2c + d9ecc?
d9ea0
In base 14, what is -774 - -256d1?
24d5b
In base 14, what is -3 - 326c3dbc?
-326c3dc1
In base 5, what is -113 + 3213214334?
3213214221
In base 15, what is -239 + 1c8de4?
1c8baa
In base 5, what is 1203240 - 241312?
411423
In base 9, what is -806273 + -11?
-806284
In base 9, what is 3 + -414818275?
-414818272
In base 7, what is -3164224214 - -4?
-3164224210
In base 11, what is -48637547 - 4?
-48637550
In base 4, what is -11 + -1022131223020?
-1022131223031
In base 15, what is -bea - 1430b?
-15006
In base 2, what is -110111111101011111 + -110?
-110111111101100101
In base 13, what is 5 + -5696250?
-5696248
In base 11, what is -1035 - 28045?
-2907a
In base 6, what is 1225041150 - -5?
1225041155
In base 11, what is -63524 - -26?
-634a9
In base 2, what is -1000011100100111 - 10010100011101?
-1010110001000100
In base 5, what is -2014 + -2021203004?
-2021210023
In base 16, what is f7 - -18dfc0?
18e0b7
In base 10, what is -64330 + -17?
-64347
In base 14, what is aaa8 + 807?
b4b1
In base 11, what is 7a3 - a656?
-9963
In base 2, what is -100 - 11101100100100010101110?
-11101100100100010110010
In base 5, what is 12443234414 - 10?
12443234404
In base 12, what is 3 + 2919767?
291976a
In base 10, what is 168 - -17708?
17876
In base 9, what is -6 + 32103605?
32103588
In base 6, what is -245302 + -2352?
-252054
In base 15, what is -1263c - -4?
-12638
In base 5, what is 10141 + 4013?
14204
In base 13, what is -7 - 87ab5a8?
-87ab5b2
In base 16, what is 7383 - 6b5d?
826
In base 14, what is 3 - 2335cb?
-2335c8
In base 8, what is -7 - -74176112?
74176103
In base 3, what is -2 - 201122211012111?
-201122211012120
In base 13, what is 8197 - -3b58?
c022
In base 14, what is -5a33 + -824?
-6457
In base 10, what is 1656 - 1654?
2
In base 3, what is -2222202000221001012 - 12?
-2222202000221001101
In base 8, what is -11114 - 2151?
-13265
In base 3, what is 2102020021 - 21111?
2101221210
In base 11, what is -17a1 + -1310?
-3001
In base 2, what is 1010000010011010011011 + 11?
1010000010011010011110
In base 15, what is 7032c + -47e?
6ed9d
In base 12, what is -1 + 6828381a?
68283819
In base 15, what is -1 - -3ea28ee?
3ea28ed
In base 12, what is -8 + -270944?
-270950
In base 8, what is 436435177 + -3?
436435174
In base 9, what is -74733261 - 1?
-74733262
In base 13, what is 185 - -147c0?
14975
In base 15, what is -1577d3 - 81?
-157864
In base 5, what is -333310124 - -3?
-333310121
In base 4, what is -1 + 12033122323?
12033122322
In base 7, what is -4323025 - -102?
-4322623
In base 15, what is -43e7 - 1e?
-4416
In base 16, what is b4b + 1c7?
d12
In base 13, what is -734 + -3592?
-3cc6
In base 7, what is 55 - 1454505?
-1454420
In base 12, what is -122b1 + 1?
-122b0
In base 6, what is -10 + 2341403?
2341353
In base 15, what is -1dec07b + 0?
-1dec07b
In base 11, what is -2 + -705501?
-705503
In base 15, what is -46616 + -71?
-46687
In base 9, what is -141718 - 220?
-142038
In base 7, what is 160303 + 30213?
220516
In base 15, what is 32962e + -198?
329486
In base 9, what is -4 - -3451773?
3451768
In base 14, what is 3 - 13ab034?
-13ab031
In base 7, what is 